53?
311
In base 16, what is 4 - 3c48?
-3c44
In base 8, what is 57 + -2015?
-1736
In base 3, what is 11102022102 - 1?
11102022101
In base 15, what is b85 - 1d?
b67
In base 15, what is -5 + 29882?
2987c
In base 15, what is 2 + -3766?
-3764
In base 15, what is -dd - 13a6?
-1494
In base 16, what is -8050 + -1?
-8051
In base 15, what is -11d4 - -14?
-11c0
In base 7, what is -21 - 1635636?
-1635660
In base 4, what is -1320 - 20322101?
-20330021
In base 9, what is 61343 - -8?
61352
In base 11, what is -278 + -116?
-393
In base 3, what is 201010 + 1221100?
2122110
In base 11, what is -2115 - 577?
-2691
In base 3, what is 1011 + -1000201?
-222120
In base 3, what is 1102020 + 11200121?
20002211
In base 15, what is 3 - 20583?
-20580
In base 11, what is 8 + -37884?
-37877
In base 11, what is -303502 + 1?
-303501
In base 3, what is -11 - -22210120010?
22210112222
In base 4, what is -230003 - 111?
-230120
In base 15, what is 4 - 35e45?
-35e41
In base 5, what is 304323122 + 0?
304323122
In base 13, what is -7210a - -3?
-72107
In base 14, what is -4a1 - 37?
-4d8
In base 7, what is 16401 + 1225?
20626
In base 13, what is 8c6 + -52?
874
In base 7, what is 144314 - -5?
144322
In base 14, what is -1832b4 + -4?
-1832b8
In base 6, what is 320521 + 10?
320531
In base 9, what is -115 + 6541?
6425
In base 12, what is -70a0 + 1?
-709b
In base 9, what is -444811 - -2?
-444808
In base 11, what is -45 + a2?
58
In base 4, what is 21233113 - 2?
21233111
In base 4, what is 2 - -10120130?
10120132
In base 7, what is -36 + 24664?
24625
In base 4, what is 1202321 + 310?
1203231
In base 11, what is -84972 + -5?
-84977
In base 13, what is -282 + 142?
-140
In base 3, what is 11 + -200120?
-200102
In base 11, what is 19179 + 11?
1918a
In base 9, what is 8 - -3621?
3630
In base 2, what is 1111 - 111101101011010?
-111101101001011
In base 6, what is -323 + -233331?
-234054
In base 4, what is 2111 + 201130?
203301
In base 3, what is -120011100212 - 12?
-120011101001
In base 3, what is 1 - -222202000?
222202001
In base 5, what is -24331 - -431?
-23400
In base 14, what is -1c99 + 3?
-1c96
In base 10, what is -409 + 85?
-324
In base 5, what is -10 + 4341134?
4341124
In base 14, what is -3bc74 - -5?
-3bc6d
In base 2, what is 111 + 1111110100010?
1111110101001
In base 14, what is -5 - 5875?
-587a
In base 2, what is 1010 + -1001100110?
-1001011100
In base 9, what is 284 + 1?
285
In base 12, what is -66a0 - -55?
-6647
In base 15, what is 2930 + -1?
292e
In base 7, what is -54 + -2101?
-2155
In base 11, what is -5 - -357897?
357892
In base 3, what is -10101 + -210011?
-220112
In base 12, what is 1 - -604803?
604804
In base 5, what is -1 - -4220011?
4220010
In base 4, what is -1 + 3012323?
3012322
In base 13, what is -6a - 1091?
-112b
In base 14, what is -10988 - 2?
-1098a
In base 15, what is 2 - -716a8?
716aa
In base 15, what is 88 - -4a?
d3
In base 14, what is 0 - -25d08?
25d08
In base 12, what is 425 - -95?
4ba
In base 12, what is 30242 - 0?
30242
In base 8, what is -3 - 11315?
-11320
In base 10, what is 18832 - 158?
18674
In base 8, what is -3467 + -34?
-3523
In base 4, what is -31330 - 33?
-32023
In base 7, what is -5252 - 326?
-5611
In base 8, what is -1144 + -16207?
-17353
In base 5, what is -2400 - -14103?
11203
In base 12, what is -345638 + a?
-34562a
In base 5, what is 41 - -223013?
223104
In base 12, what is -47 + -895?
-920
In base 16, what is 223 - -1686?
18a9
In base 13, what is -5184c + -2?
-51851
In base 8, what is -52535 - 3?
-52540
In base 3, what is 20022 - 20000110?
-12210011
In base 3, what is -11 + -122111211?
-122111222
In base 5, what is 4 + -30021?
-30012
In base 8, what is -3567 + 26?
-3541
In base 6, what is -224 - -5003?
4335
In base 2, what is -10111101100 - -100010?
-10111001010
In base 8, what is -1617 - 71?
-1710
In base 14, what is 4 - 1bc?
-1b8
In base 10, what is 21347 + 0?
21347
In base 3, what is -110021221 - 200?
-110022121
In base 3, what is 110121 - -22?
110220
In base 4, what is -1100 + 32?
-1002
In base 12, what is 1832b - -5?
18334
In base 6, what is 0 + 3214520?
3214520
In base 5, what is 140 - 110000?
-104310
In base 7, what is -210345 - -4?
-210341
In base 2, what is -11100100101010 - 11?
-11100100101101
In base 13, what is 794 - 63?
731
In base 10, what is 13 + -2510?
-2497
In base 16, what is e7e3 - 2?
e7e1
In base 13, what is -381 - 2660?
-2a11
In base 15, what is b98cc - 2?
b98ca
In base 6, what is -13255432 + -5?
-13255441
In base 4, what is 1200132100 + -2?
1200132032
In base 10, what is 2 + -10909?
-10907
In base 3, what is 0 - 111110210001?
-111110210001
In base 3, what is -10220010 - 2210121?
-20200201
In base 11, what is -736154 - -5?
-73614a
In base 8, what is 4 + -24560?
-24554
In base 14, what is 5 - d591?
-d58a
In base 16, what is 7 - -2324?
232b
In base 8, what is 13624 - -1?
13625
In base 10, what is 51988 - 6?
51982
In base 12, what is -285 - -86?
-1bb
In base 5, what is -31 + 141421?
141340
In base 12, what is 1a4a + 1?
1a4b
In base 14, what is 1116b - 13?
11158
In base 14, what is -17c4 - 0?
-17c4
In base 9, what is -81 - -11045?
10854
In base 7, what is -45 + -50140?
-50215
In base 15, what is 27c + -4ee?
-272
In base 8, what is 17704 + 1252?
21156
In base 10, what is 6 - -121352?
121358
In base 5, what is 1420032 - -33?
1420120
In base 15, what is 1075 + -1?
1074
In base 7, what is -2020 - 212?
-2232
In base 8, what is 16562 + -14?
16546
In base 15, what is 7ac80 - -4?
7ac84
In base 14, what is -1bdb1 + 5?
-1bdaa
In base 9, what is -4 - 13028?
-13033
In base 8, what is -1253 + 122?
-1131
In base 7, what is -245536 + 5?
-245531
In base 9, what is -113 - 13227?
-13341
In base 5, what is -3 + -34241320?
-34241323
In base 7, what is 5 + 46114?
46122
In base 10, what is -23 - 66377?
-66400
In base 7, what is -244044 + 5?
-244036
In base 8, what is 1717 - 17?
1700
In base 15, what is -133 + -2d?
-161
In base 13, what is 13bb3 + -1?
13bb2
In base 11, what is 766 + -165?
601
In base 3, what is -1020000222 + -121?
-1020001120
In base 13, what is 5 + 8aa7?
8aac
In base 8, what is -326 + -517?
-1045
In base 7, what is 111 + 45052?
45163
In base 15, what is -3dbe74 - 0?
-3dbe74
In base 4, what is 20013231 - -2?
20013233
In base 3, what is -20102220 + -1022021?
-21202011
In base 5, what is 3 - -412024?
412032
In base 6, what is -30520 + 5?
-30511
In base 12, what is 649 + 34?
681
In base 9, what is -2 - -837167?
837165
In base 14, what is 1556 + -1?
1555
In base 14, what is -6 + -162624?
-16262a
In base 12, what is 186 - -301?
487
In base 15, what is -d18 - -41?
-cc7
In base 9, what is 2117 + 25?
2143
In base 10, what is 14694 + -20?
14674
In base 6, what is 3 + -1124541?
-1124534
In base 15, what is 4 - 198ea?
-198e6
In base 7, what is 1312 - -3353?
4665
In base 5, what is -34342 + -1?
-34343
In base 15, what is -4 + -262cc?
-262d1
In base 2, what is -1110011111 - 1?
-1110100000
In base 2, what is -110010100 + 1110111010?
1000100110
In base 8, what is 243560 - 2?
243556
In base 13, what is -90 + 86?
-7
In base 12, what is -28 + -935?
-961
In base 8, what is -2 - 175640?
-175642
In base 13, what is -297 + -44?
-30b
In base 13, what is -3864 - -4?
-3860
In base 5, what is 3 + -112344?
-112341
In base 5, what is -10 + -33111424?
-33111434
In base 7, what is 1 + 34133?
34134
In base 8, what is 106 + 10624?
10732
In base 11, what is -2667 + -a8?
-2764
In base 14, what is 20bc - -b?
20c9
In base 9, what is -80 - 10227?
-10317
In base 4, what is 300111 - 110?
300001
In base 9, what is 0 + 33337?
33337
In base 13, what is -127 + 2158?
2031
In base 6, what is -3201 - -10052?
2451
In base 7, what is -1 + -20243?
-20244
In base 10, what is 3362 + -21?
3341
In base 7, what is 36460 - -4?
36464
In base 8, what is 32 + -341770?
-341736
In base 16, what is -4361 + -7?
-4368
In base 11, what is -1782 - -a0?
-1692
In base 10, what is -15 + 14583?
14568
In base 3, what is 21020011100 - 11?
21020011012
In base 7, what is 2055036 - -4?
2055043
In base 5, what is -12110101 + -3?
-12110104
In base 11, what is 743 + -76?
678
In base 12, what is 6 + 4166b?
41675
In base 9, what is -722 - -165?
-546
In base 16, what is -b - 21f?
-22a
In base 6, what is 1345 - 115242?
-113453
In base 7, what is -2 + -1003630?
-1003632
In base 11, what is -3 - 23725?
-23728
In b